when 7226 is divided by 255?
86
What is the remainder when 75702 is divided by 97?
42
What is the remainder when 76747 is divided by 25?
22
Calculate the remainder when 3362 is divided by 953.
503
What is the remainder when 41726 is divided by 141?
131
What is the remainder when 27349 is divided by 759?
25
What is the remainder when 5062 is divided by 1666?
64
What is the remainder when 95160 is divided by 153?
147
Calculate the remainder when 165581 is divided by 21.
17
What is the remainder when 326407 is divided by 938?
921
Calculate the remainder when 338 is divided by 89.
71
What is the remainder when 8587 is divided by 1061?
99
Calculate the remainder when 46650 is divided by 15547.
9
What is the remainder when 79865 is divided by 1231?
1081
What is the remainder when 359878 is divided by 359874?
4
What is the remainder when 32439 is divided by 32294?
145
What is the remainder when 10903 is divided by 181?
43
What is the remainder when 70485 is divided by 18?
15
Calculate the remainder when 1974 is divided by 342.
264
What is the remainder when 245855 is divided by 8?
7
What is the remainder when 430 is divided by 406?
24
Calculate the remainder when 149253 is divided by 216.
213
Calculate the remainder when 6710 is divided by 68.
46
What is the remainder when 391854 is divided by 19?
17
What is the remainder when 864 is divided by 863?
1
Calculate the remainder when 3335 is divided by 301.
24
What is the remainder when 9462 is divided by 1181?
14
What is the remainder when 276821 is divided by 14?
13
Calculate the remainder when 1166 is divided by 105.
11
Calculate the remainder when 43383 is divided by 374.
373
What is the remainder when 57273 is divided by 654?
375
Calculate the remainder when 2790 is divided by 769.
483
Calculate the remainder when 21847 is divided by 3639.
13
Calculate the remainder when 55796 is divided by 27896.
4
What is the remainder when 161354 is divided by 15?
14
What is the remainder when 23299858 is divided by 51?
49
What is the remainder when 31100 is divided by 31100?
0
What is the remainder when 28747 is divided by 1911?
82
What is the remainder when 1765 is divided by 17?
14
What is the remainder when 1643 is divided by 86?
9
What is the remainder when 62314 is divided by 15?
4
What is the remainder when 2070 is divided by 409?
25
Calculate the remainder when 134056 is divided by 228.
220
What is the remainder when 7606 is divided by 82?
62
Calculate the remainder when 2310 is divided by 513.
258
What is the remainder when 782615 is divided by 16304?
23
Calculate the remainder when 121498 is divided by 1870.
1818
Calculate the remainder when 17974 is divided by 428.
426
Calculate the remainder when 9123 is divided by 48.
3
Calculate the remainder when 2050280 is divided by 237.
230
Calculate the remainder when 716490 is divided by 49.
12
What is the remainder when 614 is divided by 493?
121
Calculate the remainder when 17669 is divided by 70.
29
What is the remainder when 232 is divided by 230?
2
Calculate the remainder when 1577 is divided by 393.
5
Calculate the remainder when 21645 is divided by 573.
444
Calculate the remainder when 49178 is divided by 2341.
17
Calculate the remainder when 11564415 is divided by 541.
540
Calculate the remainder when 2080 is divided by 130.
0
What is the remainder when 14090 is divided by 293?
26
Calculate the remainder when 3205 is divided by 1020.
145
What is the remainder when 95127 is divided by 14?
11
Calculate the remainder when 8486 is divided by 282.
26
Calculate the remainder when 2343 is divided by 196.
187
Calculate the remainder when 287 is divided by 62.
39
Calculate the remainder when 1128 is divided by 601.
527
Calculate the remainder when 2048354 is divided by 62.
60
Calculate the remainder when 12736 is divided by 468.
100
What is the remainder when 67838 is divided by 6?
2
What is the remainder when 11252 is divided by 1655?
1322
Calculate the remainder when 1219 is divided by 1174.
45
What is the remainder when 317 is divided by 314?
3
Calculate the remainder when 283651 is divided by 11346.
1
Calculate the remainder when 8947 is divided by 2901.
244
Calculate the remainder when 867 is divided by 204.
51
What is the remainder when 61553 is divided by 290?
73
What is the remainder when 5965 is divided by 314?
313
What is the remainder when 2071 is divided by 2070?
1
Calculate the remainder when 8088 is divided by 76.
32
What is the remainder when 302631 is divided by 22?
21
Calculate the remainder when 83480 is divided by 54.
50
What is the remainder when 4687 is divided by 781?
1
Calculate the remainder when 144335 is divided by 36069.
59
Calculate the remainder when 7041 is divided by 150.
141
What is the remainder when 1067 is divided by 912?
155
What is the remainder when 227237 is divided by 112?
101
What is the remainder when 116378 is divided by 38788?
14
Calculate the remainder when 11556 is divided by 1609.
293
Calculate the remainder when 2223 is divided by 43.
30
Calculate the remainder when 4814 is divided by 117.
17
What is the remainder when 33217 is divided by 2074?
33
What is the remainder when 2965 is divided by 273?
235
Calculate the remainder when 4230 is divided by 604.
2
Calculate the remainder when 2518 is divided by 126.
124
Calculate the remainder when 2532893 is divided by 12.
5
Calculate the remainder when 173708 is divided by 29.
27
Calculate the remainder when 27466 is divided by 13.
10
What is the remainder when 1354 is divided by 290?
194
Calculate the remainder when 46744 is divided by 117.
61
What is the remainder when 343494 is divided by 4?
2
Calculate the remainder when 121203 is divided by 37.
28
Calculate the remainder when 8316 is divided by 276.
36
Calculate the remainder when 63126 is divided by 15780.
6
Calculate the remainder when 35109 is divided by 7.
4
Calculate the remainder when 2616 is divided by 754.
354
What is the remainder when 19649 is divided by 126?
119
What is the remainder when 289015 is divided by 56?
55
Calculate the remainder when 5662 is divided by 143.
85
What is the remainder when 7696 is divided by 951?
88
Calculate the remainder when 4820 is divided by 2598.
2222
Calculate the remainder when 25628 is divided by 71.
68
What is the remainder when 28892 is divided by 40?
12
What is the remainder when 2358 is divided by 1928?
430
Calculate the remainder when 19444 is divided by 8.
4
Calculate the remainder when 2241 is divided by 1024.
193
Calculate the remainder when 2200161 is divided by 31.
29
What is the remainder when 1823 is divided by 801?
221
What is the remainder when 893 is divided by 166?
63
Calculate the remainder when 1951 is divided by 171.
70
Calculate the remainder when 9641 is divided by 405.
326
What is the remainder when 2456702 is divided by 87?
83
Calculate the remainder when 12906 is divided by 11.
3
What is the remainder when 39783 is divided by 6630?
3
What is the remainder when 191850 is divided by 918?
906
Calculate the remainder when 21594 is divided by 386.
364
What is the remainder when 14691 is divided by 174?
75
Calculate the remainder when 1075 is divided by 145.
60
Calculate the remainder when 106763 is divided by 62.
61
Calculate the remainder when 126339 is divided by 15790.
19
What is the remainder when 1725 is divided by 235?
80
Calculate the remainder when 3612 is divided by 591.
66
Calculate the remainder when 93239 is divided by 46616.
7
Calculate the remainder when 21321 is divided by 5330.
1
What is the remainder when 9312 is divided by 4653?
6
What is the remainder when 30777 is divided by 285?
282
Calculate the remainder when 332 is divided by 255.
77
Calculate the remainder when 74601 is divided by 100.
1
Calculate the remainder when 15946 is divided by 88.
18
Calculate the remainder when 81770 is divided by 116.
106
What is the remainder when 2448502 is divided by 34?
26
What is the remainder when 57255 is divided by 189?
177
Calculate the remainder when 40587 is divided by 415.
332
What is the remainder when 2265 is divided by 53?
39
What is the remainder when 52908 is divided by 3777?
30
Calculate the remainder when 23221 is divided by 11406.
409
What is the remainder when 3364 is divided by 1675?
14
Calculate the remainder when 1979451 i